{"id":919,"date":"2018-01-06T00:05:45","date_gmt":"2018-01-05T22:05:45","guid":{"rendered":"http:\/\/svtk.ayy.fi\/?page_id=919"},"modified":"2018-10-08T10:44:10","modified_gmt":"2018-10-08T08:44:10","slug":"kerhon-kunniajasenet","status":"publish","type":"page","link":"https:\/\/svtk.fi\/?page_id=919","title":{"rendered":"Kunniaj\u00e4senet"},"content":{"rendered":"<h1 dir=\"ltr\"><\/h1>\n<p>S\u00e4hk\u00f6voimatekniikan kerhon s\u00e4\u00e4nn\u00f6t lausuvat kunniaj\u00e4senist\u00e4 seuraavasti:<\/p>\n<p class=\"textbox\" dir=\"ltr\"><em>&#8221;Kunniaj\u00e4seneksi yhdistyksen yleinen kokous voi kutsua hallituksen esityksest\u00e4 henkil\u00f6n, joka erityisesti on edist\u00e4nyt yhdistyksen toimintaa ja pyrkimyksi\u00e4, jos kutsumista kannattaa ainakin \u00be l\u00e4sn\u00e4 olevista yhdistyksen \u00e4\u00e4nivaltaisista j\u00e4senist\u00e4. Kunniaj\u00e4senell\u00e4 on varsinaisen j\u00e4senen oikeudet osallistua yhdistyksen j\u00e4rjest\u00e4miin tilaisuuksiin. Kunniaj\u00e4senist\u00e4 pidet\u00e4\u00e4n kirjaa kerhon arkistossa.&#8221;<\/em><\/p>\n<p dir=\"ltr\">Kerhon kunniaj\u00e4senet ovat<\/p>\n<p>1. Veikko Mantere (1985)<\/p>\n<p>2. Tapani Jokinen (1987)<\/p>\n<p>3. Jaakko J\u00e4rvist\u00f6 (1988)<\/p>\n<p>4. Jorma Kyyr\u00e4 (1996)<\/p>\n<p>5. Janne Martin (2007)<\/p>\n<p>6. Jarmo Karjalainen (2007)<\/p>\n<p>7. Liisa Haarla (2012)<\/p>\n<p>8. Timo Vihavainen (2017)<\/p>\n<p>&nbsp;<\/p>\n","protected":false},"excerpt":{"rendered":"<p>S\u00e4hk\u00f6voimatekniikan kerhon s\u00e4\u00e4nn\u00f6t lausuvat kunniaj\u00e4senist\u00e4 seuraavasti: &#8221;Kunniaj\u00e4seneksi yhdistyksen yleinen kokous voi kutsua hallituksen esityksest\u00e4 henkil\u00f6n, joka erityisesti on edist\u00e4nyt yhdistyksen toimintaa ja pyrkimyksi\u00e4, jos kutsumista kannattaa ainakin \u00be l\u00e4sn\u00e4 olevista yhdistyksen \u00e4\u00e4nivaltaisista j\u00e4senist\u00e4. Kunniaj\u00e4senell\u00e4 on varsinaisen j\u00e4senen oikeudet osallistua yhdistyksen&#8230;<br \/><a class=\"read-more-button\" href=\"https:\/\/svtk.fi\/?page_id=919\">Read more<\/a><\/p>\n","protected":false},"author":2,"featured_media":0,"parent":0,"menu_order":0,"comment_status":"closed","ping_status":"closed","template":"","meta":{"footnotes":""},"class_list":["post-919","page","type-page","status-publish","hentry"],"_links":{"self":[{"href":"https:\/\/svtk.fi\/index.php?rest_route=\/wp\/v2\/pages\/919"}],"collection":[{"href":"https:\/\/svtk.fi\/index.php?rest_route=\/wp\/v2\/pages"}],"about":[{"href":"https:\/\/svtk.fi\/index.php?rest_route=\/wp\/v2\/types\/page"}],"author":[{"embeddable":true,"href":"https:\/\/svtk.fi\/index.php?rest_route=\/wp\/v2\/users\/2"}],"replies":[{"embeddable":true,"href":"https:\/\/svtk.fi\/index.php?rest_route=%2Fwp%2Fv2%2Fcomments&post=919"}],"version-history":[{"count":11,"href":"https:\/\/svtk.fi\/index.php?rest_route=\/wp\/v2\/pages\/919\/revisions"}],"predecessor-version":[{"id":1110,"href":"https:\/\/svtk.fi\/index.php?rest_route=\/wp\/v2\/pages\/919\/revisions\/1110"}],"wp:attachment":[{"href":"https:\/\/svtk.fi\/index.php?rest_route=%2Fwp%2Fv2%2Fmedia&parent=919"}],"curies":[{"name":"wp","href":"https:\/\/api.w.org\/{rel}","templated":true}]}}