{"id":537,"date":"2017-01-24T12:52:15","date_gmt":"2017-01-24T10:52:15","guid":{"rendered":"http:\/\/svtk.ayy.fi\/?page_id=537"},"modified":"2026-01-13T17:45:44","modified_gmt":"2026-01-13T15:45:44","slug":"2017-2","status":"publish","type":"page","link":"https:\/\/svtk.fi\/?page_id=537","title":{"rendered":"2017"},"content":{"rendered":"<div id=\"pl-537\"  class=\"panel-layout\" ><div id=\"pg-537-0\"  class=\"panel-grid panel-no-style\" ><div id=\"pgc-537-0-0\"  class=\"panel-grid-cell\" ><div id=\"panel-537-0-0-0\" class=\"so-panel widget widget_sow-editor panel-first-child panel-last-child\" data-index=\"0\" ><div\n\t\t\t\n\t\t\tclass=\"so-widget-sow-editor so-widget-sow-editor-base\"\n\t\t\t\n\t\t>\n<div class=\"siteorigin-widget-tinymce textwidget\">\n\t<p>\u00a0 \u00a0<\/p>\n<\/div>\n<\/div><\/div><\/div><\/div><div id=\"pg-537-1\"  class=\"panel-grid panel-no-style\" ><div id=\"pgc-537-1-0\"  class=\"panel-grid-cell\" ><div id=\"panel-537-1-0-0\" class=\"so-panel widget widget_sow-editor panel-first-child panel-last-child\" data-index=\"1\" ><div\n\t\t\t\n\t\t\tclass=\"so-widget-sow-editor so-widget-sow-editor-base\"\n\t\t\t\n\t\t>\n<div class=\"siteorigin-widget-tinymce textwidget\">\n\t<p>Alla on vuoden 2017 hallitus yhteystietoineen. Hallituksen tavoittaa kootusti osoitteesta svtk-h(at)list.ayy.fi. Nettisivuihin liittyviss\u00e4 tiedusteluissa ota yhteytt\u00e4 tiedottajaan.<\/p>\n<\/div>\n<\/div><\/div><\/div><\/div><div id=\"pg-537-2\"  class=\"panel-grid panel-no-style\" ><div id=\"pgc-537-2-0\"  class=\"panel-grid-cell\" ><div id=\"panel-537-2-0-0\" class=\"so-panel widget widget_sow-editor panel-first-child panel-last-child\" data-index=\"2\" ><div\n\t\t\t\n\t\t\tclass=\"so-widget-sow-editor so-widget-sow-editor-base\"\n\t\t\t\n\t\t><h3 class=\"widget-title\">Puheenjohtaja<\/h3>\n<div class=\"siteorigin-widget-tinymce textwidget\">\n\t<p>Mikael Aikio<\/p>\n<p>mikael.aikio(at)aalto.fi<\/p>\n<p>\u00a0<\/p>\n<\/div>\n<\/div><\/div><\/div><div id=\"pgc-537-2-1\"  class=\"panel-grid-cell\" ><div id=\"panel-537-2-1-0\" class=\"so-panel widget widget_sow-image panel-first-child panel-last-child\" data-index=\"3\" ><div class=\"panel-widget-style panel-widget-style-for-537-2-1-0\" ><div\n\t\t\t\n\t\t\tclass=\"so-widget-sow-image so-widget-sow-image-default-8b5b6f678277-537\"\n\t\t\t\n\t\t>\n<div class=\"sow-image-container\">\n\t\t<img \n\tsrc=\"https:\/\/svtk.fi\/wp-content\/uploads\/2017\/01\/miksu.jpg\" width=\"100\" height=\"150\" srcset=\"https:\/\/svtk.fi\/wp-content\/uploads\/2017\/01\/miksu.jpg 1817w, https:\/\/svtk.fi\/wp-content\/uploads\/2017\/01\/miksu-200x300.jpg 200w, https:\/\/svtk.fi\/wp-content\/uploads\/2017\/01\/miksu-768x1152.jpg 768w, https:\/\/svtk.fi\/wp-content\/uploads\/2017\/01\/miksu-683x1024.jpg 683w, https:\/\/svtk.fi\/wp-content\/uploads\/2017\/01\/miksu-1170x1755.jpg 1170w\" sizes=\"(max-width: 100px) 100vw, 100px\" alt=\"\" \t\tclass=\"so-widget-image\"\/>\n\t<\/div>\n\n<\/div><\/div><\/div><\/div><div id=\"pgc-537-2-2\"  class=\"panel-grid-cell\" ><div id=\"panel-537-2-2-0\" class=\"so-panel widget widget_sow-editor panel-first-child panel-last-child\" data-index=\"4\" ><div\n\t\t\t\n\t\t\tclass=\"so-widget-sow-editor so-widget-sow-editor-base\"\n\t\t\t\n\t\t><h3 class=\"widget-title\">Sihteeri<\/h3>\n<div class=\"siteorigin-widget-tinymce textwidget\">\n\t<p>Joonas Turpeinen<\/p>\n<p>joonas.turpeinen(at)aalto.fi<\/p>\n<p>044 976 2422<\/p>\n<\/div>\n<\/div><\/div><\/div><div id=\"pgc-537-2-3\"  class=\"panel-grid-cell\" ><div id=\"panel-537-2-3-0\" class=\"so-panel widget widget_sow-image panel-first-child panel-last-child\" data-index=\"5\" ><div\n\t\t\t\n\t\t\tclass=\"so-widget-sow-image so-widget-sow-image-default-8b5b6f678277-537\"\n\t\t\t\n\t\t>\n<div class=\"sow-image-container\">\n\t\t<img \n\tsrc=\"https:\/\/svtk.fi\/wp-content\/uploads\/2015\/10\/joonas.jpg\" width=\"84\" height=\"150\" srcset=\"https:\/\/svtk.fi\/wp-content\/uploads\/2015\/10\/joonas.jpg 720w, https:\/\/svtk.fi\/wp-content\/uploads\/2015\/10\/joonas-169x300.jpg 169w, https:\/\/svtk.fi\/wp-content\/uploads\/2015\/10\/joonas-576x1024.jpg 576w\" sizes=\"(max-width: 84px) 100vw, 84px\" alt=\"\" \t\tclass=\"so-widget-image\"\/>\n\t<\/div>\n\n<\/div><\/div><\/div><\/div><div id=\"pg-537-3\"  class=\"panel-grid panel-no-style\" ><div id=\"pgc-537-3-0\"  class=\"panel-grid-cell\" ><div id=\"panel-537-3-0-0\" class=\"so-panel widget widget_sow-editor panel-first-child panel-last-child\" data-index=\"6\" ><div\n\t\t\t\n\t\t\tclass=\"so-widget-sow-editor so-widget-sow-editor-base\"\n\t\t\t\n\t\t><h3 class=\"widget-title\">Tiedottaja<\/h3>\n<div class=\"siteorigin-widget-tinymce textwidget\">\n\t<p>Esa Myrttinen<\/p>\n<p>esa.myrttinen(at)aalto.fi<\/p>\n<p>0400 514661<\/p>\n<p>\u00a0<\/p>\n<\/div>\n<\/div><\/div><\/div><div id=\"pgc-537-3-1\"  class=\"panel-grid-cell\" ><div id=\"panel-537-3-1-0\" class=\"so-panel widget widget_sow-image panel-first-child panel-last-child\" data-index=\"7\" ><div\n\t\t\t\n\t\t\tclass=\"so-widget-sow-image so-widget-sow-image-default-8b5b6f678277-537\"\n\t\t\t\n\t\t>\n<div class=\"sow-image-container\">\n\t\t<img \n\tsrc=\"https:\/\/svtk.fi\/wp-content\/uploads\/2017\/01\/cvkuva.jpg\" width=\"146\" height=\"150\" srcset=\"https:\/\/svtk.fi\/wp-content\/uploads\/2017\/01\/cvkuva.jpg 707w, https:\/\/svtk.fi\/wp-content\/uploads\/2017\/01\/cvkuva-292x300.jpg 292w\" sizes=\"(max-width: 146px) 100vw, 146px\" alt=\"\" \t\tclass=\"so-widget-image\"\/>\n\t<\/div>\n\n<\/div><\/div><\/div><div id=\"pgc-537-3-2\"  class=\"panel-grid-cell\" ><div id=\"panel-537-3-2-0\" class=\"so-panel widget widget_sow-editor panel-first-child panel-last-child\" data-index=\"8\" ><div\n\t\t\t\n\t\t\tclass=\"so-widget-sow-editor so-widget-sow-editor-base\"\n\t\t\t\n\t\t><h3 class=\"widget-title\">Rahastonhoitaja<\/h3>\n<div class=\"siteorigin-widget-tinymce textwidget\">\n\t<p>Vili V\u00e4in\u00f6l\u00e4<\/p>\n<p>vili.vainola(at)aalto.fi<\/p>\n<p>\u00a0<\/p>\n<\/div>\n<\/div><\/div><\/div><div id=\"pgc-537-3-3\"  class=\"panel-grid-cell\" ><div id=\"panel-537-3-3-0\" class=\"so-panel widget widget_sow-image panel-first-child panel-last-child\" data-index=\"9\" ><div\n\t\t\t\n\t\t\tclass=\"so-widget-sow-image so-widget-sow-image-default-8b5b6f678277-537\"\n\t\t\t\n\t\t>\n<div class=\"sow-image-container\">\n\t\t<img \n\tsrc=\"https:\/\/svtk.fi\/wp-content\/uploads\/2016\/01\/vili.jpg\" width=\"113\" height=\"150\" srcset=\"https:\/\/svtk.fi\/wp-content\/uploads\/2016\/01\/vili.jpg 960w, https:\/\/svtk.fi\/wp-content\/uploads\/2016\/01\/vili-225x300.jpg 225w, https:\/\/svtk.fi\/wp-content\/uploads\/2016\/01\/vili-768x1024.jpg 768w\" sizes=\"(max-width: 113px) 100vw, 113px\" alt=\"\" \t\tclass=\"so-widget-image\"\/>\n\t<\/div>\n\n<\/div><\/div><\/div><\/div><div id=\"pg-537-4\"  class=\"panel-grid panel-no-style\" ><div id=\"pgc-537-4-0\"  class=\"panel-grid-cell\" ><div id=\"panel-537-4-0-0\" class=\"so-panel widget widget_sow-editor panel-first-child panel-last-child\" data-index=\"10\" ><div\n\t\t\t\n\t\t\tclass=\"so-widget-sow-editor so-widget-sow-editor-base\"\n\t\t\t\n\t\t><h3 class=\"widget-title\">P\u00e4\u00e4toimittaja<\/h3>\n<div class=\"siteorigin-widget-tinymce textwidget\">\n\t<p>Janne Liukkonen<\/p>\n<p>janne.liukkonen(at)aalto.fi<\/p>\n<\/div>\n<\/div><\/div><\/div><div id=\"pgc-537-4-1\"  class=\"panel-grid-cell\" ><div id=\"panel-537-4-1-0\" class=\"so-panel widget widget_sow-image panel-first-child panel-last-child\" data-index=\"11\" ><div\n\t\t\t\n\t\t\tclass=\"so-widget-sow-image so-widget-sow-image-default-8b5b6f678277-537\"\n\t\t\t\n\t\t><\/div><\/div><\/div><div id=\"pgc-537-4-2\"  class=\"panel-grid-cell\" ><div id=\"panel-537-4-2-0\" class=\"so-panel widget widget_sow-editor panel-first-child panel-last-child\" data-index=\"12\" ><div\n\t\t\t\n\t\t\tclass=\"so-widget-sow-editor so-widget-sow-editor-base\"\n\t\t\t\n\t\t><h3 class=\"widget-title\">Yrityssuhdevastaava<\/h3>\n<div class=\"siteorigin-widget-tinymce textwidget\">\n\t<p>Ville Julin<\/p>\n<p>ville.julin(at)aalto.fi<\/p>\n<p>050 5755286<\/p>\n<\/div>\n<\/div><\/div><\/div><div id=\"pgc-537-4-3\"  class=\"panel-grid-cell\" ><div id=\"panel-537-4-3-0\" class=\"so-panel widget widget_sow-image panel-first-child panel-last-child\" data-index=\"13\" ><div\n\t\t\t\n\t\t\tclass=\"so-widget-sow-image so-widget-sow-image-default-8b5b6f678277-537\"\n\t\t\t\n\t\t>\n<div class=\"sow-image-container\">\n\t\t<img \n\tsrc=\"https:\/\/svtk.fi\/wp-content\/uploads\/2016\/01\/Ville.jpg\" width=\"150\" height=\"150\" srcset=\"https:\/\/svtk.fi\/wp-content\/uploads\/2016\/01\/Ville.jpg 906w, https:\/\/svtk.fi\/wp-content\/uploads\/2016\/01\/Ville-150x150.jpg 150w, https:\/\/svtk.fi\/wp-content\/uploads\/2016\/01\/Ville-300x300.jpg 300w, https:\/\/svtk.fi\/wp-content\/uploads\/2016\/01\/Ville-768x768.jpg 768w\" sizes=\"(max-width: 150px) 100vw, 150px\" alt=\"\" \t\tclass=\"so-widget-image\"\/>\n\t<\/div>\n\n<\/div><\/div><\/div><\/div><div id=\"pg-537-5\"  class=\"panel-grid panel-no-style\" ><div id=\"pgc-537-5-0\"  class=\"panel-grid-cell\" ><div id=\"panel-537-5-0-0\" class=\"so-panel widget widget_sow-editor panel-first-child panel-last-child\" data-index=\"14\" ><div\n\t\t\t\n\t\t\tclass=\"so-widget-sow-editor so-widget-sow-editor-base\"\n\t\t\t\n\t\t><h3 class=\"widget-title\">Kehitysjohtaja<\/h3>\n<div class=\"siteorigin-widget-tinymce textwidget\">\n\t<p>Mikko Poranen<\/p>\n<p>mikko.poranen(at)aalto.fi<\/p>\n<p>\u00a0<\/p>\n<\/div>\n<\/div><\/div><\/div><div id=\"pgc-537-5-1\"  class=\"panel-grid-cell\" ><div id=\"panel-537-5-1-0\" class=\"so-panel widget widget_sow-image panel-first-child panel-last-child\" data-index=\"15\" ><div\n\t\t\t\n\t\t\tclass=\"so-widget-sow-image so-widget-sow-image-default-8b5b6f678277-537\"\n\t\t\t\n\t\t>\n<div class=\"sow-image-container\">\n\t\t<img \n\tsrc=\"https:\/\/svtk.fi\/wp-content\/uploads\/2015\/10\/mikko_poranen.png\" width=\"101\" height=\"150\" sizes=\"(max-width: 101px) 100vw, 101px\" alt=\"\" \t\tclass=\"so-widget-image\"\/>\n\t<\/div>\n\n<\/div><\/div><\/div><div id=\"pgc-537-5-2\"  class=\"panel-grid-cell panel-grid-cell-empty panel-grid-cell-mobile-last\" ><\/div><div id=\"pgc-537-5-3\"  class=\"panel-grid-cell panel-grid-cell-empty\" ><\/div><\/div><\/div>","protected":false},"excerpt":{"rendered":"<p>\u00a0 \u00a0 Alla on vuoden 2017 hallitus yhteystietoineen. Hallituksen tavoittaa kootusti osoitteesta svtk-h(at)list.ayy.fi. Nettisivuihin liittyviss\u00e4 tiedusteluissa ota yhteytt\u00e4 tiedottajaan.<\/p>\n","protected":false},"author":2,"featured_media":0,"parent":1832,"menu_order":9,"comment_status":"closed","ping_status":"closed","template":"","meta":{"footnotes":""},"class_list":["post-537","page","type-page","status-publish","hentry"],"_links":{"self":[{"href":"https:\/\/svtk.fi\/index.php?rest_route=\/wp\/v2\/pages\/537"}],"collection":[{"href":"https:\/\/svtk.fi\/index.php?rest_route=\/wp\/v2\/pages"}],"about":[{"href":"https:\/\/svtk.fi\/index.php?rest_route=\/wp\/v2\/types\/page"}],"author":[{"embeddable":true,"href":"https:\/\/svtk.fi\/index.php?rest_route=\/wp\/v2\/users\/2"}],"replies":[{"embeddable":true,"href":"https:\/\/svtk.fi\/index.php?rest_route=%2Fwp%2Fv2%2Fcomments&post=537"}],"version-history":[{"count":14,"href":"https:\/\/svtk.fi\/index.php?rest_route=\/wp\/v2\/pages\/537\/revisions"}],"predecessor-version":[{"id":1841,"href":"https:\/\/svtk.fi\/index.php?rest_route=\/wp\/v2\/pages\/537\/revisions\/1841"}],"up":[{"embeddable":true,"href":"https:\/\/svtk.fi\/index.php?rest_route=\/wp\/v2\/pages\/1832"}],"wp:attachment":[{"href":"https:\/\/svtk.fi\/index.php?rest_route=%2Fwp%2Fv2%2Fmedia&parent=537"}],"curies":[{"name":"wp","href":"https:\/\/api.w.org\/{rel}","templated":true}]}}