{"id":12,"date":"2015-10-28T16:33:17","date_gmt":"2015-10-28T16:33:17","guid":{"rendered":"http:\/\/svtk.ayy.fi\/?page_id=12"},"modified":"2023-03-30T20:35:56","modified_gmt":"2023-03-30T18:35:56","slug":"so-lehti","status":"publish","type":"page","link":"https:\/\/svtk.fi\/?page_id=12","title":{"rendered":"S\u00e4hk\u00f6\u00e4 opiskelemaan -lehti"},"content":{"rendered":"<p><a href=\"https:\/\/svtk.fi\/wp-content\/uploads\/2023\/03\/so.png\"><img loading=\"lazy\" decoding=\"async\" class=\"alignleft size-medium wp-image-1769\" src=\"https:\/\/svtk.fi\/wp-content\/uploads\/2023\/03\/so-300x274.png\" alt=\"\" width=\"300\" height=\"274\" srcset=\"https:\/\/svtk.fi\/wp-content\/uploads\/2023\/03\/so-300x274.png 300w, https:\/\/svtk.fi\/wp-content\/uploads\/2023\/03\/so-768x701.png 768w, https:\/\/svtk.fi\/wp-content\/uploads\/2023\/03\/so.png 965w\" sizes=\"(max-width: 300px) 100vw, 300px\" \/><\/a><\/p>\n<p><em>S\u00e4hk\u00f6\u00e4, elektroniikkaa, tietoliikennett\u00e4 ja automaatiota opiskelemaan<\/em> -lehte\u00e4 on julkaistu jo yli kolmenkymmenen vuoden ajan. Lehden avulla SVTK jakaa tietoa alasta opiskelup\u00e4\u00e4t\u00f6st\u00e4\u00e4n tekeville nuorille. Siin\u00e4 esitell\u00e4\u00e4n alaa ja sen tuomia opiskelu- ja ty\u00f6paikkamahdollisuuksia. Lehdess\u00e4 esitt\u00e4ytyy mm. alan opintoja tarjoavia oppilaitoksia ja suurimpia yrityksi\u00e4.<\/p>\n<p>Julkaisu\u00a0ilmestyy vuosittain\u00a0koulujen alkaessa ja sen kohderyhm\u00e4n\u00e4 ovat kyseisen\u00e4 syksyn\u00e4 aloittavat abiturientit. Lehti\u00e4 toimitetaan jokaiseen Suomen lukioon m\u00e4\u00e4r\u00e4, joka riippuu edellisvuoden ylioppilaiden m\u00e4\u00e4r\u00e4st\u00e4. Viime vuosina lehden painosm\u00e4\u00e4r\u00e4 on ollut 13 000 kpl. Edellisvuosien <em>S\u00e4hk\u00f6\u00e4 opiskelemaan<\/em> -lehti\u00e4 l\u00f6yd\u00e4t alta.<\/p>\n<p><a href=\"https:\/\/svtk.fi\/so20_web\/\">2020<\/a>\u00a0<a href=\"https:\/\/svtk.fi\/wp-content\/uploads\/2018\/11\/SO19_netti.pdf\">2019<\/a>\u00a0<a href=\"https:\/\/svtk.fi\/wp-content\/uploads\/2017\/11\/SO18_netti.pdf\">2018<\/a> <a href=\"https:\/\/svtk.fi\/wp-content\/uploads\/2017\/02\/SO2017_netti_paivitetty.pdf\">2017<\/a> <a href=\"https:\/\/svtk.fi\/wp-content\/uploads\/2015\/10\/SO-2016-light.pdf\">2016<\/a> <a href=\"https:\/\/svtk.fi\/wp-content\/uploads\/2015\/10\/so2015_web.pdf\">2015<\/a> <a href=\"https:\/\/svtk.fi\/wp-content\/uploads\/2015\/10\/so2014_web.pdf\">2014<\/a> <a href=\"https:\/\/svtk.fi\/wp-content\/uploads\/2015\/10\/so2013_web.pdf\">2013<\/a> <a href=\"https:\/\/svtk.fi\/wp-content\/uploads\/2015\/10\/so2012_web.pdf\">2012<\/a> <a href=\"https:\/\/svtk.fi\/wp-content\/uploads\/2015\/10\/so2011_web.pdf\">2011<\/a> <a href=\"https:\/\/svtk.fi\/wp-content\/uploads\/2015\/10\/so2010_web.pdf\">2010<\/a> <a href=\"https:\/\/svtk.fi\/wp-content\/uploads\/2015\/10\/so2009_web.pdf\">2009<\/a> <a href=\"https:\/\/svtk.fi\/wp-content\/uploads\/2015\/10\/so2008_web.pdf\">2008<\/a> <a href=\"https:\/\/svtk.fi\/wp-content\/uploads\/2015\/10\/so2007_web.pdf\">2007<\/a> <a href=\"https:\/\/svtk.fi\/wp-content\/uploads\/2015\/10\/so2006_web.pdf\">2006<\/a> <a href=\"https:\/\/svtk.fi\/wp-content\/uploads\/2015\/10\/so2005_web.pdf\">2005<\/a> <a href=\"https:\/\/svtk.fi\/wp-content\/uploads\/2015\/10\/so2004_web.pdf\">2004<\/a> <a href=\"https:\/\/svtk.fi\/wp-content\/uploads\/2015\/10\/so2003_web.pdf\">2003<\/a> <a href=\"https:\/\/svtk.fi\/wp-content\/uploads\/2015\/10\/so2002_web.pdf\">2002<\/a><\/p>\n<hr \/>\n<p><strong>T\u00e4m\u00e4n vuoden lehtitiimin kokoonpano:<\/strong><\/p>\n<p><strong>P\u00e4\u00e4toimittaja<\/strong><\/p>\n<p>Dani Hyttinen<\/p>\n<p><strong>Muu toimitus<br \/><\/strong><br \/>Maria P\u00f6ll\u00e4<br \/>Tapio Lepp\u00e4nen<br \/>Aaro Rasilainen<br \/>Marko Koskinen<br \/>Riku Olkkonen<\/p>\n\n\n<p><\/p>\n","protected":false},"excerpt":{"rendered":"<p>S\u00e4hk\u00f6\u00e4, elektroniikkaa, tietoliikennett\u00e4 ja automaatiota opiskelemaan -lehte\u00e4 on julkaistu jo yli kolmenkymmenen vuoden ajan. Lehden avulla SVTK jakaa tietoa alasta opiskelup\u00e4\u00e4t\u00f6st\u00e4\u00e4n tekeville nuorille. Siin\u00e4 esitell\u00e4\u00e4n alaa ja sen tuomia opiskelu- ja ty\u00f6paikkamahdollisuuksia. Lehdess\u00e4 esitt\u00e4ytyy mm. alan opintoja tarjoavia oppilaitoksia ja&#8230;<br \/><a class=\"read-more-button\" href=\"https:\/\/svtk.fi\/?page_id=12\">Read more<\/a><\/p>\n","protected":false},"author":2,"featured_media":0,"parent":0,"menu_order":0,"comment_status":"closed","ping_status":"closed","template":"","meta":{"footnotes":""},"class_list":["post-12","page","type-page","status-publish","hentry"],"_links":{"self":[{"href":"https:\/\/svtk.fi\/index.php?rest_route=\/wp\/v2\/pages\/12"}],"collection":[{"href":"https:\/\/svtk.fi\/index.php?rest_route=\/wp\/v2\/pages"}],"about":[{"href":"https:\/\/svtk.fi\/index.php?rest_route=\/wp\/v2\/types\/page"}],"author":[{"embeddable":true,"href":"https:\/\/svtk.fi\/index.php?rest_route=\/wp\/v2\/users\/2"}],"replies":[{"embeddable":true,"href":"https:\/\/svtk.fi\/index.php?rest_route=%2Fwp%2Fv2%2Fcomments&post=12"}],"version-history":[{"count":31,"href":"https:\/\/svtk.fi\/index.php?rest_route=\/wp\/v2\/pages\/12\/revisions"}],"predecessor-version":[{"id":1770,"href":"https:\/\/svtk.fi\/index.php?rest_route=\/wp\/v2\/pages\/12\/revisions\/1770"}],"wp:attachment":[{"href":"https:\/\/svtk.fi\/index.php?rest_route=%2Fwp%2Fv2%2Fmedia&parent=12"}],"curies":[{"name":"wp","href":"https:\/\/api.w.org\/{rel}","templated":true}]}}